t l be 21 + ((-3)/(-4))/(21/56). Let p(f) = 66*f - 23*f - l*f - 22*f - 4. Determine p(v).
4
Suppose 5*h + c - 25 = 0, 4*h + 99 = -c + 118. Let f(b) be the third derivative of 0 + 1/2*b**3 + 0*b - h*b**2 - 1/24*b**4. Give f(8).
-5
Let a(s) = s**2 + 15*s + 7. Let y be a(-15). Suppose y = 8*j - 33. Let x(u) = u**2 - 3*u - 3. What is x(j)?
7
Let v(c) = 23*c - 85. Let l(m) = 7*m - 28. Let h(a) = -10*l(a) + 3*v(a). Give h(17).
8
Let z(k) = -3*k + 6. Let f = 1220 + -1220. Calculate z(f).
6
Let b(m) = -2*m**2 - 4*m + 447. Let p be b(-16). Let z(i) = -13*i**2 + 3. Give z(p).
-10
Suppose 0 = 23*i - 30*i - 21. Let t(o) be the second derivative of o**4/8 + 2*o**3/3 - 3*o**2/2 + 5*o. Let n(w) be the first derivative of t(w). Give n(i).
-5
Let b = -5505 + 5511. Let r(w) = -13*w + 84. What is r(b)?
6
Let j be (-282)/(-54) + -5 - 74/9. Let h(w) = 3*w - 11. Let x(r) = 5*r - 23. Let f(s) = 11*h(s) - 6*x(s). Calculate f(j).
-7
Let l(x) = x**2 + 10*x + 9. Let c(u) be the third derivative of 23*u**4/24 + 37*u**3 + 19*u**2. Let y be c(-10). Calculate l(y).
-7
Let i(b) be the second derivative of 41*b**5/20 - b**4/12 + b**3/6 - b**2/2 + 326*b. What is i(1)?
40
Let y = -31 + 20. Let u(s) = 0*s**2 + 18*s + s**2 + 15*s + 11906 - 11916 + 14*s - 35*s. Determine u(y).
-21
Suppose 119 + 68 = -2*m - v, 5*v - 25 = 0. Let c = -95 - m. Let s(w) be the third derivative of -7*w**5/60 + w**4/24 - w**3/6 - 18*w**2. Give s(c).
-7
Let p = -118 + 123. Suppose -5*i + 0 = -p. Let u(b) be the first derivative of -9*b**4/4 - 2*b**3/3 + b**2 - b + 2. Give u(i).
-10
Suppose 4*h = -3*i - 2, 8*i - 9*i = 4*h + 14. Let f(w) = 41*w - 2*w**3 + 5*w**3 - i*w**2 - 4*w**3 - 44*w + 7. What is f(-5)?
-3
Let s(v) be the first derivative of v**5/120 - v**4/24 - 32*v**3/3 - 66. Let j(i) be the third derivative of s(i). Calculate j(-3).
-4
Let z = 33167 + -33164. Let i(y) be the second derivative of -5/2*y**2 - 1/6*y**z + 41*y + 0. What is i(-4)?
-1
Let m(n) = 4*n**2 - 16*n**2 + 8 + 10*n**2 - 99*n + 101*n. Calculate m(4).
-16
Let y(l) = -1450870*l + 725437*l + 725445*l - 220. Give y(19).
8
Let d(h) be the first derivative of -2*h**3/3 - 6*h**2 - 21*h + 298. What is d(-3)?
-3
Let y(f) be the second derivative of -16*f - 18*f**2 + 0 - 1/3*f**3. Give y(-21).
6
Let g(l) = -l + 6. Let r(w) = w**3 - 10*w**2 + 8*w + 9. Let x be r(9). Suppose -2*v + 4 = -4*j + j, x = 5*j. Let p be 14/v - (-1 + -2 - -1). What is g(p)?
-3
Let d = 217 - 328. Let v = d + 116. Let n(t) = t**3 - 5*t**2 - 3*t + 6. Calculate n(v).
-9
Let y(h) be the first derivative of -h**2/2 + 23*h + 850. Calculate y(13).
10
Let r(z) = -7*z - 11. Suppose -k = -2*l - 11, -96 + 106 = 5*l + 5*k. Give r(l).
10
Let f(p) = -7*p - 11. Let x(h) = 2*h**2 + 6*h - 6. Let a be x(1). Let w(d) = -3*d - 1. Let n(c) = a*w(c) - f(c). Give n(-5).
4
Let k(z) = 14*z**2 + 10*z**3 + 18*z**3 - 43*z**3 + 14*z**3 - 18 - 14*z. What is k(13)?
-31
Let w(y) = y**3 + 44*y**2 + 82*y - 83. Let t be w(-42). Let g(x) be the second derivative of 0*x**3 + 0 - x + 0*x**2 + 17/12*x**4. Determine g(t).
17
Let g(o) = -o + 1. Let n = 54 - 55. Let u be (-2*(-9)/(-6))/(n + 0). Suppose u*x - 2*x = -2. Calculate g(x).
3
Let s(c) = -1 + 0 + 142*c + 149*c - 429*c + 148*c. Suppose 2*o + 2*v + 2*v = -8, -2*o + 3*v - 1 = 0. Determine s(o).
-21
Let d(m) = 2969295*m**3 - m - 2969294*m**3 + 7*m - m**2 + 7*m**2. Determine d(-4).
8
Let q be 3 + -2 - (-1 - -8). Let w be 6/(-24) + 105/20 - -1. Let i(d) = -73 + d**3 + 151 - 71 + w*d**2. Determine i(q).
7
Let q = -7 - -24. Let b = 341 + -338. Let p(s) = q*s - 5*s - 10*s + b. Calculate p(-4).
-5
Suppose 490*w + 16 = 486*w. Let m be (-7)/14*(-3 - w - 5). Let t(b) = -b**3 - b**2 + b + 2. Calculate t(m).
-8
Let d(c) be the first derivative of 1/2*c**2 + 1/3*c**3 - c + 1/2*c**4 - 65. Give d(-2).
-15
Let i(c) be the second derivative of -c**3/6 + 7*c**2/2 + 10*c. Let n be i(6). Let d be (n/(-2))/((-6)/12)*1. Let m(p) = -2*p**3 + p**2 + p - 1. Determine m(d).
-1
Let q(u) be the second derivative of 5/6*u**3 + 174*u + 1/12*u**4 + 0 - u**2. Calculate q(-4).
-6
Let q be (-42)/35*(10/15 + -4). Let o(s) = -q*s + 7 - 13 + 7 + 4*s - 4*s. Let x(w) = -w**2 - 3*w + 2. Let h be x(-3). Determine o(h).
-7
Suppose 0 = 9*w + 7*w. Let l(v) = -3 + v**3 + 8*v**2 + 2*v**2 + 5 + w + 6*v. Determine l(-10).
-58
Let b(f) = 8*f - 35. Suppose -o = 5*n + 122 - 126, 20 = 5*o + n. What is b(o)?
-3
Let m(h) be the third derivative of 0 + 1/2*h**3 + 0*h + 3*h**2 + 1/4*h**4. Suppose 3*u - 12 = 4*u - 2*j, 0 = 3*u + 5*j - 19. Give m(u).
-9
Let j(w) = -5*w - 8. Let c(p) = -6*p - 8. Let k = 42 + -48. Let x(q) = k*c(q) + 7*j(q). Suppose 5*l + 3*t - 33 = 0, -t - 3*t + 4 = 0. Give x(l).
-2
Let o = 5764 - 5767. Let x(j) = -j**2 - 19*j - 53. Determine x(o).
-5
Let f(d) = 62*d**2 + 2*d - 194. Let z(j) = -42*j**2 - j + 138. Let w(b) = -5*f(b) - 7*z(b). Determine w(1).
-15
Let b(z) = -3*z - 22 - z + 29. Let d(l) = -l**3 + 7*l**2 + 5*l + 120. Let g be d(9). Give b(g).
-5
Let x(m) = 20 + 25*m - 148*m**2 + 35*m**2 + 84*m**2 + 32*m**2. Determine x(-9).
38
Let f(h) = 4*h**2 - h - 31. Suppose -77*o - 1 = x - 78*o, 13 = -x + 3*o. Determine f(x).
64
Let w(f) be the third derivative of -2 + 5/6*f**3 + 0*f - 1/60*f**5 - 4*f**2 + 1/8*f**4. Determine w(5).
-5
Let w be 542/(-6) - (-9)/27. Let r be 2 - (w/(-9) - (2 - 1)). Let b(j) = -5*j**2 - 5*j + 1. Let s(z) = 4*z**2 + 5*z - 1. Let k(n) = -3*b(n) - 4*s(n). Give k(r).
-13
Let m(b) be the second derivative of 5/3*b**3 + 1/12*b**4 - 52 - 2*b - 9/2*b**2. What is m(-11)?
2
Let z(t) = t**2 + 4*t - 5. Let n be 3 - -2 - 1/1. Let l(h) be the second derivative of -h**5/20 + 5*h**4/12 - h**3/2 - 4*h**2 + 594*h. Let c be l(n). Give z(c).
-5
Let w be (-3)/(-27) + (-672)/216. Let k(r) be the third derivative of 0 + 4*r**2 + 0*r - 1/12*r**4 - 1/120*r**6 - 1/3*r**3 - 1/15*r**5. Give k(w).
-5
Let s(p) = 20*p**2 + 49*p - 277. Let x(i) = -7*i**2 - 17*i + 93. Let g(r) = 6*s(r) + 17*x(r). Let c be g(-12). Let o(h) = h + 2 - 5*h + 1. What is o(c)?
-9
Let h(y) = y**3 - 5*y**2 + 2*y - 5. Let x be h(5). Let d(b) = -8 + 8 - 6 + b**3 + x*b**2 - 2*b. Let v be ((-4800)/36)/20 + (-10)/(-6). What is d(v)?
4
Let a(f) = f**2 + f - 8. Let o be a(0). Let b(x) = 6 + 3*x**2 - 76*x - x**3 - 12*x**2 - 52*x - 51*x + 171*x. Give b(o).
6
Let j(v) be the third derivative of -v**4/24 - v**3/2 - 5*v**2. Suppose -40*f - 240 = -0*f. What is j(f)?
3
Let l(g) = g**2 - 4*g + 3016. Let j(n) = n**2 - 4*n + 3770. Let m(a) = 4*j(a) - 5*l(a). Let k be -2 - (-7 + (-2)/(-1)). Give m(k).
3
Let m(d) = -17*d**2 - d - 1. Let c = 7 - -97. Let f = c - 105. Calculate m(f).
-17
Let t be 1/(-1) + 11 - 12. Let c(r) = 4*r + 3. Calculate c(t).
-5
Let u = 225 + -226. Suppose 0 = -4*y + 63 - 67. Let d(n) = 5*n + 1. Let l(t) = t. Let j(p) = y*d(p) + 2*l(p). What is j(u)?
2
Let p(x) = -x - 7. Let h(u) be the second derivative of u**5/20 + u**4/6 - u**3/2 - 2*u**2 - 3203*u. Let c = -2 + -1. Let d be h(c). Determine p(d).
-3
Let q(h) = h**3 + 8*h**2 - 13*h - 37. Let t be q(-5). Let o = t + -103. Let u(m) = -m**3 - m**2 + m - 19. Give u(o).
-19
Suppose -2*s = 8 + 12. Let d be (-1 + 3)/(s/(-15)). Let l(a) = 6 - 244*a - d + 245*a. Determine l(-5).
-2
Let t(z) = -z**2 + 7*z + 9. Suppose -12*w = -10*w - 108. Suppose w = 152*p - 146*p. Calculate t(p).
-9
Let p(a) = -12 - 10*a**3 + 5*a + 11*a**3 + 7*a**2 + 9. Let c be (6/8)/(26/208) - 4*3. Give p(c).
3
Let b(k) = k**3 + 16*k**2 - 15*k + 36. Let s be b(-17). Let y(h) = -1520 - 2*h - 8*h**s + 1510 - 5*h - h**3. Give y(-7).
-10
Let h(b) = 21*b - 97. Let r be h(5). Let t be 2/r*(-3)/(-9)*-12. Let o(m) = -12*m**3 + 2*m**2 + 2*m + 1. What is o(t)?
13
Let s = 67 + -64. Suppose 15 - s = 4*x. Suppose o - x*n - 2*n - 13 = 0, 5*o = -3*n - 47. Let w(p) = p**2 + 7*p - 3. What is w(o)?
-3
Let k(m) = -5*m**2 + 2. Let h be k(-1). Let c(l) = 1 + 2 + 6 + l - 7. Calculate c(h).
-1
Let x(c) = 7*c**2 - 294*c - 740. Let s(l) = 2*l**2 - 83*l - 185. Let h(w) = 11*s(w) - 3*x(w). Determine h(8).
1
Let d(s) = s**3 - 5*s**2 - 5*s - 4. Suppose 5*o - 8*u = -3*u + 60, -5*u - 28 = -3*o. Suppose -34 = -3*a - o. What is d(a)?
2
Let v(i) = -10922*i + 21838*i - 10915*i - 4 + i**2. Let s be (6 + -2)/(0 + -1). What is v(s)?
8
Let c be 22 - 48/10*680/272. Let m(k) = 18*k - 24 + 2*k**2 - k**2 - 15*k - 10*k. Calculate m(c).
6
Let q(h) =